 prime factors of t(-2).
73
Let q(z) = 5*z - 2 - 15*z + 6*z - 3*z**2 - 17*z**3. Let k be q(-2). Suppose -5*a = -0*a - k. What are the prime factors of a?
2, 13
Suppose 85544 = 33*s + 21095. What are the prime factors of s?
3, 7, 31
Let k be (2/7)/((-2)/(-14)). Suppose -8 = -5*t + k. List the prime factors of (264/16)/(t/4).
3, 11
Let h be ((-7)/((-112)/(-180)))/(2/(-8)). Let s = h - -142. List the prime factors of s.
11, 17
Let b be 130/11 + 2/11. Suppose -b*d = -13*d. Suppose d*r + 1 = r, 0 = -o - 2*r + 24. List the prime factors of o.
2, 11
Suppose 2*q + 2*k = -6, 2*k - 3*k - 11 = -3*q. What are the prime factors of 1/q*(-3728)/(-8)?
233
Let m(y) = 110*y**2 - 6*y - 7. Let d be m(-2). Suppose -q - d = -5*o + 3*q, -3*q = 4*o - 325. List the prime factors of o.
5, 17
Let k(y) = 37*y**3 - y**2 - y + 1. Let r(u) = u**3 - u**2 - u. Let c(t) = -k(t) + 3*r(t). What are the prime factors of c(-1)?
3, 11
Let v be 1/((-5)/255*3). Let f = 56 - v. List the prime factors of f.
73
Suppose 3*h + 2*h + w + 16 = 0, -3*h + 2*w - 20 = 0. What are the prime factors of 7*(-4 - -1 - h)?
7
Let u(o) = -o**3 + 18*o**2 + 10*o + 49. What are the prime factors of u(16)?
7, 103
Suppose 0*i + 98 = 2*v + i, -v = 5*i - 40. Suppose 0 = -20*t + 19*t + v. What are the prime factors of t?
2, 5
Let a = -2 + 2. Suppose a*y + 5*l + 13 = y, 3*y - l = 11. List the prime factors of y.
3
Suppose -4 = 5*p + 6, 3*i - 3*p - 21 = 0. Suppose 0 = 2*k + q + 2*q - 392, 1030 = i*k - 5*q. List the prime factors of k.
2, 101
Let l(w) be the third derivative of -1/120*w**6 - 1/24*w**4 + 1/60*w**5 - 4*w**2 + 0*w + 0 + 3/2*w**3. List the prime factors of l(0).
3
Let f = 42 + 53. What are the prime factors of f?
5, 19
Let n(z) = -4*z**3 - 4*z - 1 + 7*z - 7*z**2 + 15*z**2 + 5*z**3. Let g be n(-3). Suppose -4*a + 157 = 5*s, -s + 0*a - 2*a = -g. List the prime factors of s.
29
Suppose -21*l + 26*l = 0. Let g(b) = -b + 6. Let z be g(6). Suppose z = -l*v - 3*v + 78. List the prime factors of v.
2, 13
Let p = -46 - -52. Suppose 157 = p*q - 2*q - 5*b, -5*b = 5*q - 185. What are the prime factors of q?
2, 19
Let z(h) = -h**3 + 2*h**2 + 3*h + 2. Let g be z(3). Suppose -o + g = -0. Suppose -o*n + 69 = -1. List the prime factors of n.
5, 7
Let k(z) be the second derivative of -19*z**3/6 - 10*z**2 + 15*z. List the prime factors of k(-11).
3, 7
Suppose -6*x + 14 + 118 = 0. Let i = x + 30. List the prime factors of i.
2, 13
Suppose 2*g + 355 = -5*a + 1690, -a + 675 = g. What are the prime factors of g?
2, 5, 17
Suppose 4*g + n - 397 = 0, -2*g - 202 = -4*g - 4*n. Let v = 104 - 160. Let r = g + v. List the prime factors of r.
43
Let o(v) = 4294*v**3 - v**2 - 14*v + 16. What are the prime factors of o(1)?
5, 859
Suppose n = 5*n - 4, 0 = 4*z - 3*n + 67. List the prime factors of (-51)/(((-60)/z)/(-5)).
2, 17
What are the prime factors of 10 + (-14 - -7) - -302?
5, 61
Let i(g) be the second derivative of g**3/2 + 23*g**2 + 9*g. What are the prime factors of i(0)?
2, 23
Let r(u) = 25*u**2 - 1. Let a = -2 + 6. Suppose a*h - 4 = -8. What are the prime factors of r(h)?
2, 3
Let r = 585 + -307. List the prime factors of r.
2, 139
Suppose -10*b - 3*l + 518 = -5*b, 4*b + 3*l - 415 = 0. Suppose s = -0*s - 72. Let d = b + s. List the prime factors of d.
31
Suppose 2*k = -638 + 2288. List the prime factors of k.
3, 5, 11
Let j(o) = 202*o + 37 - 1 - 163*o. List the prime factors of j(7).
3, 103
Let y(r) = 15*r + 346. List the prime factors of y(51).
11, 101
Let r = 160 + 104. What are the prime factors of r?
2, 3, 11
Let m(y) be the third derivative of 143*y**5/60 + y**4/12 - y**3/2 - 16*y**2. List the prime factors of m(1).
2, 71
Let l(w) = w**2 - 60. Let c be l(0). Let i be 2*(0 + 1) - c. Let q = 96 - i. List the prime factors of q.
2, 17
Let o(h) = -989*h**3 - 1. Let d be o(-1). Suppose g - 212 = -s - 4*s, -5*g = s - d. List the prime factors of g.
197
Let w(v) = -v - 6. Let h be w(-6). Suppose h = -0*n + 6*n - 438. List the prime factors of n.
73
Suppose -7*w + 14*w + 1946 = 0. What are the prime factors of -3 - (w + 6 + -1)?
2, 3, 5
Suppose -20 = -0*o - 5*o + 2*y, -4*y = 20. Let a(z) = 18 + z**3 - o*z - 6*z**2 - 2*z**3 - 11*z + 22*z**2. What are the prime factors of a(15)?
2, 3
Let u(s) = s**3 + 41*s**2 + 61*s - 126. What are the prime factors of u(-36)?
2, 3, 7, 11
Let h(u) = -70*u - 162. List the prime factors of h(-10).
2, 269
List the prime factors of -4 + 11/2 - (-12519)/18.
17, 41
Suppose -2030 = k - 8*k. What are the prime factors of k?
2, 5, 29
Suppose 0 = -g + 4*m + 2004, 23*m - 28*m = -2*g + 4002. What are the prime factors of g?
2, 499
Let f be 1*4*(-42)/(-28). What are the prime factors of 18/f*(53 - (-4 - -2))?
3, 5, 11
Suppose -6*m + b + 414 = -m, -2*m = 4*b - 148. Let u = -23 + m. List the prime factors of u.
59
Suppose 4*x - 6 + 23 = -w, 2 = 4*w + 2*x. Suppose -w*p = -11*p + 752. Let z = -54 + p. List the prime factors of z.
2, 5
Suppose 2 = a - 15. Let d = 24 + a. What are the prime factors of d?
41
Suppose 0 = -i - 4*n + 466, i - 5*n + 8*n = 467. What are the prime factors of i?
2, 5, 47
Let s be (-24)/(-36) - 10/(-3). What are the prime factors of (10/s)/((0 - -3)/78)?
5, 13
What are the prime factors of (-7600)/(-56) - 6/(-21)?
2, 17
Suppose 5*b - 8 = 2*h + 7, 4*h + 25 = 5*b. Let w(n) = -3*n - 2 + 3 - b + 3. What are the prime factors of w(-6)?
3, 7
Let x(r) be the first derivative of -r**4/4 - 11*r**3/3 - 15*r**2/2 - 22*r + 25. What are the prime factors of x(-12)?
2, 151
Let n = 908 + -525. What are the prime factors of n?
383
Suppose 866 = 6*m - 52. Suppose -m = -s - 66. List the prime factors of s.
3, 29
Let d(g) = g**2 - 2*g - 6. Let n be d(4). Suppose 0 = n*l - 225 + 85. Suppose 5*b - c - 58 = 0, -5*b - 4*c = c - l. List the prime factors of b.
2, 3
Let s = -3 + -2. Let p(q) = -2*q**3 - 6*q**2 + 8*q + 4. What are the prime factors of p(s)?
2
Suppose 7*a = 2*a. Let i(c) = c**2 - 1. Let q(t) = t**3 + 7*t**2 - 19. Let g(n) = 6*i(n) - q(n). List the prime factors of g(a).
13
Let v be (0 - 10)*6/(-12). Let g(t) = -t + 0*t + 0*t - v*t - 5. What are the prime factors of g(-4)?
19
Suppose -33 = -3*g - 2*z, 4*g + 5*z = g + 42. Let y = 54 - g. List the prime factors of y.
3, 5
Let l be (3 + -1)/(1/(-8)). Let j = -72 - -113. Let v = l + j. What are the prime factors of v?
5
Let i = -208 + 913. What are the prime factors of i?
3, 5, 47
Suppose -4*g = -g + 30. Let q = -12 + g. Let v = q + 28. What are the prime factors of v?
2, 3
Let m(d) = 24*d**2 - 4*d + 15. Let o be m(4). Let j = -257 + o. What are the prime factors of j?
2, 3, 7
Suppose 5*m = -z - 60, 0 = 4*m - m - 3*z + 18. Let d = 67 - m. Let g = -34 + d. What are the prime factors of g?
2, 11
Let t(v) be the second derivative of -19*v**5/10 - v**4/12 - v**3/3 - v**2/2 - 3*v. List the prime factors of t(-1).
2, 19
Let l = 5 + -2. Suppose 2*v - 3*n - 27 = 23, 5*v - l*n = 125. List the prime factors of v.
5
Let c = -4 + 6. Let s(d) = -19*d**2 + 19*d**2 - 1 - d**3 + c. What are the prime factors of s(-1)?
2
Let o(a) = -16*a**3 - 4*a**2 + 24*a + 78. List the prime factors of o(-6).
2, 3, 541
Let b(j) = -j + 2. Let z be b(-2). Let w = -1 - z. What are the prime factors of w/(2*(-2)/8)?
2, 5
Let q(x) = -21*x + 16. Let d be q(-12). List the prime factors of d/10 - (-8)/40.
3
Let y(s) = -s + 1. Let o be y(2). List the prime factors of 0 + 5 + o + 49.
53
Let q be (-2)/(-8) - (-66)/24. Suppose 0 = q*o + 5*n - 110, o - 2*n = 5*o - 170. What are the prime factors of o?
3, 5
Let l be ((-4)/8)/((-1)/2) - -65. What are the prime factors of 7404/l + (-2)/11?
2, 7
Let c = -9 + 13. Suppose -4*l - 16 + 64 = 0. Suppose w = c*w - l. List the prime factors of w.
2
Suppose 10*y - 8*y = 10. Suppose y*k - 2*w - 205 = 0, -5*k + 3*w = -163 - 47. What are the prime factors of k?
3, 13
Let w be 4059/41 + (2 - (-1 - 0)). Let k = 81 + w. List the prime factors of k.
3, 61
Let w = 1029 - 529. List the prime factors of w.
2, 5
Suppose -4*f + 84 = -6*f. Let d = -37 - f. Suppose c + d*u + 0*u = 94, 3*u + 62 = c. What are the prime factors of c?
2, 37
Suppose 4*j - 12*w = -16*w + 20168, w - 25218 = -5*j. List the prime factors of j.
2, 13, 97
Let x(i) = -17*i - 54. Let l be 86/(-7) - (-8)/28. What are the prime factors of x(l)?
2, 3, 5
Let d = 386 - 268. Suppose 4*i = 5*y - 226, -5*y =